.
249
Suppose -7*n + 34 + 71 = 0. Suppose -4*u - 110 = -2*j, -j + u + 45 = -n. Let k be 23/69 - j/(-3). Calculate the greatest common factor of 55 and k.
11
Let c = 404 + -425. Let k(y) = y**3 + 20*y**2 - 22*y + 12. Let n be k(c). What is the greatest common divisor of 627 and n?
33
Suppose 2*s - 10*s = -48. Let m be 17 + 1 + (40/4 - s). What is the greatest common factor of m and 275?
11
Let j = -17 - -126. Let y be j/4 + -1 + (-8)/32. What is the highest common factor of y and 494?
26
Suppose 0 = -19*s - 12 + 696. Let t be ((-24)/20)/(1/(15/(-2))). What is the greatest common divisor of t and s?
9
Let t(k) = -k**3 + 10*k**2 + 2*k - 2. Suppose -63 = -27*a + 207. Let l be t(a). What is the greatest common factor of l and 486?
18
Let n be 24/(792/(-561)) - -38. Let m = -2 + 2. Suppose 3*k - 3 - 14 = 2*b, -4*k + b + 16 = m. Calculate the greatest common factor of k and n.
3
Let h be (36/(-10))/(-6) - 1257/(-5). Let p be (-5 + h + -2)*(-6)/(-15). What is the highest common divisor of p and 147?
49
Let a(m) = 10*m**2 - 3*m - 18. Let b(p) = 21*p**2 - 5*p - 37. Let t(v) = 9*a(v) - 4*b(v). Let i be t(-2). Calculate the highest common divisor of 3 and i.
3
Let y(g) = -169*g - 1053. Let h be y(-7). What is the greatest common divisor of 110 and h?
10
Suppose -25*c + 42*c = 25*c - 2088. Calculate the greatest common divisor of 4089 and c.
87
Let u = 339 - 218. Suppose -3*k + 175 = 5*t, -t = 2*t + 5*k - u. Suppose -28 = -2*p + m, 2*m = 2*p + 3*m - t. What is the greatest common divisor of p and 30?
15
Let n(a) = a**2 + 7*a - 19. Let j be n(-9). Let t be j/1*(-44 + -3 - -4). What is the highest common divisor of t and 1075?
43
Let d(w) = 132*w + 3978. Let s be d(-30). Let n(j) = j**3 + 9. Let x be n(0). What is the highest common factor of x and s?
9
Let t(j) = -40*j - 627. Let s be t(-16). What is the highest common factor of s and 5356?
13
Let x(h) = -77*h + 2613. Let a be x(33). Calculate the greatest common factor of a and 1332.
36
Suppose 6*m - 116 - 220 = 0. Let w be 37/5 + 36/(-90). What is the greatest common divisor of w and m?
7
Let t = 183 + -181. Let r be 8784/126 + t/7. What is the highest common divisor of 40 and r?
10
Let m be 6/2*(4 - (-630)/30). What is the highest common factor of m and 1815?
15
Let c(j) = -2*j**2 + j**2 + 6*j**2 - 1 + 53*j - 2*j**2 - j**2. Let h be c(10). What is the highest common factor of h and 9?
9
Let v(w) = -w**3 + 43*w**2 - 27*w - 594. Let t be v(42). Calculate the greatest common divisor of 96 and t.
12
Let p(m) = -24*m + 2271. Let y be p(93). Calculate the greatest common factor of 13 and y.
13
Suppose 8*w = -3*w - 23*w + 419526. What is the greatest common divisor of 54 and w?
27
Let l(t) = -4*t**2 + 553*t - 11040. Let u be l(114). Let h = -2 + 11. Calculate the greatest common factor of u and h.
9
Let d(k) be the second derivative of 1/2*k**3 + 0 + 10*k + 1/12*k**4 - 18*k**2. Let g be d(8). What is the greatest common factor of g and 130?
26
Let s = -38 - -59. Let u be (-96)/36*s/(-4). Let x = 5585 - 5543. Calculate the greatest common factor of u and x.
14
Suppose 85 = 4*u + 5*m - 408, -4*m + 605 = 5*u. Suppose 5*s + d - 20 = 27, 4*s - 28 = 4*d. What is the highest common factor of u and s?
9
Suppose 89649 = 182*i - 107821. What is the highest common factor of 70 and i?
35
Let c = -230 + 409. Let v = c + -123. Suppose -b = -15 - 13. What is the greatest common factor of v and b?
28
Let z = 9765 + -7340. What is the highest common factor of z and 125?
25
Let y = -26 + 26. Suppose y = -x - 3*x - 4*j + 496, -4*j = -3*x + 386. Let l = x + -7. Calculate the greatest common divisor of 7 and l.
7
Let k = -105 - -226. Let w(m) = -229*m + 466*m + 44 - 234*m. Let z be w(-11). What is the highest common divisor of z and k?
11
Let z(j) = 2*j**2 + 56*j + 86. Let b be z(-37). What is the greatest common divisor of 1786 and b?
94
Let m = -775 + 900. Calculate the highest common divisor of m and 225.
25
Let y = 6515 - 6231. What is the greatest common divisor of y and 20?
4
Let n = -5000 - -5075. Calculate the highest common divisor of n and 15.
15
Let v = -4656 + 4691. Let s = 55 - 48. What is the highest common divisor of s and v?
7
Suppose -342 = -6*c + 4*c. Let g be (-2)/(-7) + c/63. Let h = -838 + 853. Calculate the highest common factor of h and g.
3
Suppose 0 = -r + 1, 18*r - 22*r - 212 = -3*w. Suppose -1691*b + 1697*b - w = 0. What is the highest common divisor of 81 and b?
3
Let r be (56/(-126))/(4/54) - -3635. What is the greatest common divisor of r and 38?
19
Suppose 0 = -383*k + 536216 + 65094. Calculate the highest common divisor of k and 80.
10
Suppose -270*w = 86*w - 25*w - 52960. Calculate the highest common factor of w and 96.
32
Let d(n) = -3*n**2 + 26*n + 99. Let l be d(11). Suppose -4 = -b + 315. Calculate the greatest common divisor of l and b.
11
Let k(j) be the second derivative of j**5/20 - 11*j**4/12 + 2*j**2 - 11*j - 2. Let q be k(11). What is the highest common factor of 18 and q?
2
Let x(v) = v**3 + 38*v**2 + 104*v + 1278. Let z be x(-36). What is the greatest common divisor of 5922 and z?
126
Suppose 188 = y + 4*r + 2*r, -3*y - 5*r = -590. Calculate the greatest common divisor of 340 and y.
20
Let k be (-192)/(-5) - (-8)/(-20). Let j(z) = -2 + 53*z**2 - 26*z**2 + 1 - 25*z**2 + 94*z**3. Let a be j(1). What is the highest common divisor of a and k?
19
Let m(h) = -h**3 - 23*h**2 - 31*h - 18. Let k be m(-22). Let u = k - 172. What is the greatest common divisor of 200 and u?
8
Let k = -568 - -815. Let m(d) = 9*d**2 - 119*d - 221. Let u be m(15). Calculate the greatest common divisor of u and k.
19
Let j be (2 + -3)/(23/1104*(-2)/38). Calculate the highest common divisor of j and 96.
48
Let x(o) = 4*o**2 - 11*o + 26. Let j be x(4). Suppose -16 = -t - 3*t, 2*m - 2*t - j = 0. What is the greatest common factor of 4 and m?
1
Suppose 2*q = -5*p + 91, -4*p - 22 = 4*q - 78. Calculate the highest common factor of 6510 and p.
21
Suppose 92*s - 23*s - 2622 = 0. Calculate the greatest common factor of s and 6346.
38
Let j = -12 - -22. Suppose 2*k = 5*g + 177, -310 = -4*k + 5*g + 39. Let v = k + 24. Calculate the highest common divisor of j and v.
10
Let c be -1*(45/(-36) - 70/8). Calculate the greatest common factor of c and 440.
10
Suppose 748 = 2*t + 2*t. Let i = -7670 - -7687. Calculate the highest common factor of t and i.
17
Let w(m) = 2*m - 5. Let n be w(4). Let d be (n - 4)/((-5)/(-10)). Let t be ((-44)/12)/(d/180). What is the greatest common divisor of 30 and t?
30
Let k(p) = 24*p**2 + 151*p + 102. Let i be k(-21). What is the highest common divisor of 9 and i?
9
Suppose 63210 = -w + w + 43*w. Calculate the greatest common factor of w and 770.
70
Let f(l) = -451*l - 4477. Let j be f(-10). What is the highest common factor of j and 297?
33
Let u(l) = -l + 9. Let m be u(-11). Suppose -f - 4*n - 124 = 0, 3*n + 1 - 7 = 0. Let q = f - -192. Calculate the greatest common factor of m and q.
20
Let f = 10697 - 10649. Suppose 0 = -5*u + b + 3*b + 7, 5*u = 3*b + 9. What is the greatest common factor of u and f?
3
Let v(h) = h - 8. Let b be v(5). Let y be (6/(-1))/b*17. Let w(q) = q**2 + 3*q + 16. Let z be w(-6). What is the greatest common divisor of y and z?
34
Let w = 11006 + -11001. Suppose -2*i - 2*i = -2*r - 212, 4*i = 5*r + 212. Let o = i - 28. What is the highest common factor of w and o?
5
Let o = 1304 - 765. Calculate the highest common divisor of o and 88.
11
Let h be 124/10 - 12/30. Let i = 32 - h. Calculate the highest common divisor of 380 and i.
20
Let x = 449 - 433. Let u be (-4418)/(-22) - x/(-88). Calculate the greatest common factor of u and 3.
3
Let w be ((-2237)/(-1))/((-351)/(-54)) + (-2)/13. Calculate the highest common divisor of 2924 and w.
172
Suppose -170*y - s = -172*y + 92, 3*s - 252 = -5*y. What is the highest common divisor of y and 1984?
16
Suppose 4*s = 14*v - 16*v - 8, -3*s - 5 = 2*v. Suppose -2 = f - 4. Calculate the highest common factor of v and f.
2
Let x = 0 - -39. Suppose 0 + 16 = -2*r. Let g = r + 34. Calculate the highest common factor of g and x.
13
Let z(u) = 87*u - 255. Let l be z(8). Calculate the highest common divisor of l and 117.
9
Let d(z) = -z**3 - 3*z**2 + 3*z + 9. Let w be d(-3). Suppose 0 = 5*y - w*y - 610. What is the highest common divisor of 305 and